{"id":13443,"date":"2013-10-01T10:11:02","date_gmt":"2013-10-01T10:11:02","guid":{"rendered":"http:\/\/intersismet.com\/clientes-2\/"},"modified":"2019-04-13T15:42:10","modified_gmt":"2019-04-13T15:42:10","slug":"clients","status":"publish","type":"page","link":"http:\/\/intersismet.pt\/en\/clients\/","title":{"rendered":"Clients"},"content":{"rendered":"<div class=\"vc_row wpb_row vc_row-fluid\"><div class=\"wpb_column vc_column_container vc_col-sm-12\"><div class=\"wpb_wrapper\">\n\t<div class=\"wpb_text_column wpb_content_element \">\n\t\t<div class=\"wpb_wrapper\">\n\t\t\t<h3>National<\/h3>\n\n\t\t<\/div>\n\t<\/div>\n[dt_gap height=&#8221;10&#8243;]\n\t<div class=\"wpb_tabs wpb_content_element\" data-interval=\"0\">\n\t\t<div class=\"wpb_wrapper wpb_tour_tabs_wrapper ui-tabs vc_clearfix\">\n\t\t\t<ul class=\"wpb_tabs_nav ui-tabs-nav vc_clearfix\"><li><a href=\"#tab-1382271060-1-56\">Municipalities<\/a><\/li><li><a href=\"#tab-1382271060-2-99\">Associations of Municipalities<\/a><\/li><li><a href=\"#tab-1382274074498-2-6\">Others<\/a><\/li><\/ul>\n\t<div id=\"tab-1382271060-1-56\" class=\"wpb_tab ui-tabs-panel wpb_ui-tabs-hide vc_clearfix\">\n\t\t<div class=\"vc_row wpb_row vc_inner vc_row-fluid\"><div class=\"wpb_column vc_column_container vc_col-sm-4\"><div class=\"wpb_wrapper\">[dt_vc_list style=&#8221;1&#8243; dividers=&#8221;true&#8221;]<\/p>\n<ul>\n<li>Abrantes<\/li>\n<li>Alc\u00e1cer do Sal<\/li>\n<li>Alcanena<\/li>\n<li>Alcochete<\/li>\n<li>Alenquer<\/li>\n<li>Aljustrel<\/li>\n<li>Almada<\/li>\n<li>Alpiar\u00e7a<\/li>\n<li>Alvito<\/li>\n<li>Amadora<\/li>\n<li>Arronches<\/li>\n<li>Barrancos<\/li>\n<li>Barreiro<\/li>\n<li>Benavente<\/li>\n<li>Calheta<\/li>\n<li>Campo Maior<\/li>\n<li>Cartaxo<\/li>\n<li>Castelo de Vide<\/li>\n<li>Chamusca<\/li>\n<li>Const\u00e2ncia<\/li>\n<li>Crato<\/li>\n<li>Cuba<\/li>\n<li>Entroncamento<\/li>\n<li>Ferreira do Z\u00eazere<\/li>\n<li>Gavi\u00e3<\/li>\n<\/ul>\n<p>[\/dt_vc_list]<\/div><\/div><div class=\"wpb_column vc_column_container vc_col-sm-4\"><div class=\"wpb_wrapper\">[dt_vc_list style=&#8221;1&#8243; dividers=&#8221;true&#8221;]<\/p>\n<ul>\n<li>Goleg\u00e3<\/li>\n<li>Gr\u00e2ndola<\/li>\n<li>Horta<\/li>\n<li>Lajes do Pico<\/li>\n<li>Lagoa<\/li>\n<li>Lagos<\/li>\n<li>Leiria<\/li>\n<li>Lisboa<\/li>\n<li>Loures<\/li>\n<li>Madalena<\/li>\n<li>Marinha Grande<\/li>\n<li>Marv\u00e3o<\/li>\n<li>M\u00e9rtola<\/li>\n<li>Monforte<\/li>\n<li>Montemor-o-Novo<\/li>\n<li>Montijo<\/li>\n<li>Mort\u00e1gua<\/li>\n<li>Mour\u00e3o<\/li>\n<li>Nisa<\/li>\n<li>Oeiras<\/li>\n<li>Oliveira de Azemeis<\/li>\n<li>Our\u00e9m<\/li>\n<li>Ovar<\/li>\n<li>Palmela<\/li>\n<li>Portalegre<\/li>\n<li>Ponta Delgada<\/li>\n<\/ul>\n<p>[\/dt_vc_list]<\/div><\/div><div class=\"wpb_column vc_column_container vc_col-sm-4\"><div class=\"wpb_wrapper\">[dt_vc_list style=&#8221;1&#8243; dividers=&#8221;true&#8221;]<\/p>\n<ul>\n<li>Porto<\/li>\n<li>Porto de M\u00f3s<\/li>\n<li>Reguengos de Monsaraz<\/li>\n<li>Rio Maior<\/li>\n<li>S. Br\u00e1s de Alportel<\/li>\n<li>S. Roque do Pico<\/li>\n<li>Salvaterra de Magos<\/li>\n<li>Santar\u00e9m<\/li>\n<li>Santiago do Cac\u00e9m<\/li>\n<li>Sardoal<\/li>\n<li>Seixal<\/li>\n<li>Serpa<\/li>\n<li>Sines<\/li>\n<li>Sobral de Monte Agra\u00e7o<\/li>\n<li>Sousel<\/li>\n<li>T\u00e1bua<\/li>\n<li>Tomar<\/li>\n<li>Tondela<\/li>\n<li>Torres Vedras<\/li>\n<li>Velas<\/li>\n<li>Vendas Novas<\/li>\n<li>Vila do Bispo<\/li>\n<li>Vila Real<\/li>\n<\/ul>\n<p>[\/dt_vc_list]<\/div><\/div><\/div>\n\t<\/div>\n\n\t<div id=\"tab-1382271060-2-99\" class=\"wpb_tab ui-tabs-panel wpb_ui-tabs-hide vc_clearfix\">\n\t\t[dt_vc_list style=&#8221;1&#8243; dividers=&#8221;true&#8221;]<\/p>\n<ul>\n<li>AMCAL<\/li>\n<li>AMDB<\/li>\n<li>AMDE<\/li>\n<li>AMDS<\/li>\n<li>AMLT<\/li>\n<li>Lisbon Metropolitan Area<\/li>\n<li>Alentejo Coast Metropolitan Area<\/li>\n<\/ul>\n<p>[\/dt_vc_list]\n\t<\/div>\n\n\t<div id=\"tab-1382274074498-2-6\" class=\"wpb_tab ui-tabs-panel wpb_ui-tabs-hide vc_clearfix\">\n\t\t[dt_vc_list style=&#8221;1&#8243; dividers=&#8221;true&#8221;]<\/p>\n<ul>\n<li>Alentejo Regional Development Coordination Commission (CCDR)<\/li>\n<li>Algarve Regional Development Coordination Commission (CCDR)<\/li>\n<li>Lisbon and Tagus Valley Regional Development Coordination Commission (CCDR)<\/li>\n<li>Plan\u00edcie Dourada Tourism Region<\/li>\n<li>\u00c9vora Tourism Region<\/li>\n<li>S. Mamede Tourism Region<\/li>\n<li>Algarve Tourism Region<\/li>\n<li>North Alentejo Tourism Region<\/li>\n<li>Ribatejo Tourism Region<\/li>\n<li>Directorate-General for Regional Policies of the EU<\/li>\n<li>Directorate General of Regional Development<\/li>\n<li>National Board of Scientific and Technological Research<\/li>\n<li>Regional Office of Housing, Public Works, Transport and Communications<\/li>\n<li>Regional Secretariat of Finances &#8211; Madeira<\/li>\n<\/ul>\n<p>[\/dt_vc_list]\n\t<\/div>\n\n\t\t<\/div>\n\t<\/div>\n[dt_gap height=&#8221;20&#8243;]<\/div><\/div><\/div><div class=\"vc_row wpb_row vc_row-fluid\"><div class=\"wpb_column vc_column_container vc_col-sm-12\"><div class=\"wpb_wrapper\">\n\t<div class=\"wpb_text_column wpb_content_element \">\n\t\t<div class=\"wpb_wrapper\">\n\t\t\t<h3>International<\/h3>\n\n\t\t<\/div>\n\t<\/div>\n[dt_gap height=&#8221;10&#8243;]\n\t<div class=\"wpb_tabs wpb_content_element\" data-interval=\"0\">\n\t\t<div class=\"wpb_wrapper wpb_tour_tabs_wrapper ui-tabs vc_clearfix\">\n\t\t\t<ul class=\"wpb_tabs_nav ui-tabs-nav vc_clearfix\"><li><a href=\"#tab-1382274286473-3-4\">Angola<\/a><\/li><li><a href=\"#tab-1382274304179-4-1\">Brazil<\/a><\/li><li><a href=\"#tab-1382274807158-2-5\">Mozambique<\/a><\/li><li><a href=\"#tab-1382274849292-3-9\">Cape Verde<\/a><\/li><li><a href=\"#tab-1382274896618-4-10\">Guinea-Bissau<\/a><\/li><\/ul>\n\t<div id=\"tab-1382274286473-3-4\" class=\"wpb_tab ui-tabs-panel wpb_ui-tabs-hide vc_clearfix\">\n\t\t<div class=\"vc_row wpb_row vc_inner vc_row-fluid\"><div class=\"wpb_column vc_column_container vc_col-sm-6\"><div class=\"wpb_wrapper\">[dt_vc_list style=&#8221;1&#8243; dividers=&#8221;true&#8221;]<strong>Provincial Governments<\/strong><\/p>\n<ul>\n<li>Provincial Government of Bi\u00e9<\/li>\n<li>Provincial Government of Cabinda<\/li>\n<li>Provincial Government of Luanda<\/li>\n<li>Provincial Government of Bengo<\/li>\n<li>Provincial Government of Benguela<\/li>\n<li>Provincial Government of Cuando Cubango<\/li>\n<li>Provincial Government of Zaire<\/li>\n<li>Provincial Government of Lunda Sul<\/li>\n<li>Provincial Government of Lunda-Norte<\/li>\n<li>Provincial Government of Kwanza-Sul<\/li>\n<\/ul>\n<p><strong>Ministries<\/strong><\/p>\n<ul>\n<li>Ministry of Urbanism and the Environment<\/li>\n<li>Ministry of Planning<\/li>\n<li>Ministry of Territorial Administration<\/li>\n<li>Ministry of Health<\/li>\n<li>Ministry of Planning<\/li>\n<li>Ministry of Energy and Water<\/li>\n<li>Ministry of Commerce<\/li>\n<li>Ministry of Industry<\/li>\n<li>Ministry of Science and Technology<\/li>\n<\/ul>\n<p><strong>Public Companies<\/strong><\/p>\n<ul>\n<li>Port of Luanda, EP<\/li>\n<\/ul>\n<p>[\/dt_vc_list]<\/div><\/div><div class=\"wpb_column vc_column_container vc_col-sm-6\"><div class=\"wpb_wrapper\">[dt_vc_list style=&#8221;1&#8243; dividers=&#8221;true&#8221; bullet_position=&#8221;top&#8221;]<strong>Municipal Administrations<\/strong><\/p>\n<ul>\n<li>Belize Municipal Administration (Cabinda Province)<\/li>\n<li>Buco Zau Municipal Administration (Cabinda Province)<\/li>\n<li>Cabinda Municipal Administration (Cabinda Province)<\/li>\n<li>Cacongo Municipal Administration (Cabinda Province)<\/li>\n<li>Cazenga Municipal Administration (Luanda Province)<\/li>\n<li>Cacuaco Municipal Administration (Luanda Province)<\/li>\n<li>Rangel Municipal Administration (Luanda Province)<\/li>\n<li>Samba Municipal Administration (Luanda Province)<\/li>\n<li>Viana Municipal Administration (Luanda Province)<\/li>\n<li>Shah-Muteba Municipal Administration (Lunda Norte Province)<\/li>\n<li>Chitato Municipal Administration (Lunda Norte Province)<\/li>\n<li>Cuilo Municipal Administration (Lunda <a href=\"http:\/\/canadian-cialis.com\/\">http:\/\/canadian-cialis.com\/<\/a> Norte Province)<\/li>\n<li>Lubalo Municipal Administration (Lunda Norte Province)<\/li>\n<\/ul>\n<p><strong>Institutes<\/strong><\/p>\n<ul>\n<li>IPGUL &#8211; Institute for Planning and Urban Management of Luanda<\/li>\n<li>INOTU &#8211; National Institute of Territorial Planning and Urban Development<\/li>\n<li>INH-National Housing Institute<\/li>\n<li>IGCA-Institute of Geodesy and Cartography of Angola<\/li>\n<li>IDA &#8211; Institute of Agrarian Development<\/li>\n<li>INEMA &#8211; National Institute of Medical Emergencies of Angola<\/li>\n<li>IGEO \u2013 Angolan Geological Institute<\/li>\n<li>IFAL &#8211; Institute for Local Government<\/li>\n<\/ul>\n<p>[\/dt_vc_list]<\/div><\/div><\/div>\n\t<\/div>\n\n\t<div id=\"tab-1382274304179-4-1\" class=\"wpb_tab ui-tabs-panel wpb_ui-tabs-hide vc_clearfix\">\n\t\t[dt_vc_list style=&#8221;1&#8243; dividers=&#8221;true&#8221;]<\/p>\n<ul>\n<li>Government of the State of Cear\u00e1<\/li>\n<li>Government of the State of Para\u00edba<\/li>\n<\/ul>\n<p>[\/dt_vc_list]\n\t<\/div>\n\n\t<div id=\"tab-1382274807158-2-5\" class=\"wpb_tab ui-tabs-panel wpb_ui-tabs-hide vc_clearfix\">\n\t\t[dt_vc_list style=&#8221;1&#8243; dividers=&#8221;true&#8221;]<\/p>\n<ul>\n<li>PETROMOC<\/li>\n<li>Provincial Government of Niassa<\/li>\n<li>Ministry of State Administration<\/li>\n<\/ul>\n<p>[\/dt_vc_list]\n\t<\/div>\n\n\t<div id=\"tab-1382274849292-3-9\" class=\"wpb_tab ui-tabs-panel wpb_ui-tabs-hide vc_clearfix\">\n\t\t[dt_vc_list style=&#8221;1&#8243; dividers=&#8221;true&#8221;]<\/p>\n<ul>\n<li>Chamber of Mosteiros<\/li>\n<li>Ministry of the Presidency<\/li>\n<li>Ministry of Public Works<\/li>\n<li>Municipality of Praia<\/li>\n<li>Municipality of S\u00e3o Vicente<\/li>\n<\/ul>\n<p>[\/dt_vc_list]\n\t<\/div>\n\n\t<div id=\"tab-1382274896618-4-10\" class=\"wpb_tab ui-tabs-panel wpb_ui-tabs-hide vc_clearfix\">\n\t\t[dt_vc_list style=&#8221;1&#8243; dividers=&#8221;true&#8221;]<\/p>\n<ul>\n<li>Ministry of Commerce<\/li>\n<li>Ministry of Planning and Economic Coordination<\/li>\n<\/ul>\n<p>[\/dt_vc_list]\n\t<\/div>\n\n\t\t<\/div>\n\t<\/div>\n<\/div><\/div><\/div>\n","protected":false},"excerpt":{"rendered":"National [dt_gap height=\"10\"] MunicipalitiesAssociations of MunicipalitiesOthers [dt_vc_list style=\"1\" dividers=\"true\"] Abrantes Alc\u00e1cer do Sal Alcanena Alcochete Alenquer Aljustrel Almada Alpiar\u00e7a Alvito Amadora Arronches Barrancos Barreiro Benavente Calheta Campo Maior Cartaxo Castelo de Vide Chamusca Const\u00e2ncia Crato Cuba Entroncamento Ferreira do Z\u00eazere Gavi\u00e3 [\/dt_vc_list][dt_vc_list style=\"1\" dividers=\"true\"] Goleg\u00e3 Gr\u00e2ndola Horta Lajes do Pico Lagoa Lagos Leiria Lisboa Loures &hellip; <a href=\"http:\/\/intersismet.pt\/en\/clients\/\" class=\"more-link\">Continue reading <span class=\"screen-reader-text\">Clients<\/span><\/a>","protected":false},"author":1,"featured_media":0,"parent":0,"menu_order":0,"comment_status":"closed","ping_status":"open","template":"","meta":{"footnotes":""},"_links":{"self":[{"href":"http:\/\/intersismet.pt\/en\/wp-json\/wp\/v2\/pages\/13443"}],"collection":[{"href":"http:\/\/intersismet.pt\/en\/wp-json\/wp\/v2\/pages"}],"about":[{"href":"http:\/\/intersismet.pt\/en\/wp-json\/wp\/v2\/types\/page"}],"author":[{"embeddable":true,"href":"http:\/\/intersismet.pt\/en\/wp-json\/wp\/v2\/users\/1"}],"replies":[{"embeddable":true,"href":"http:\/\/intersismet.pt\/en\/wp-json\/wp\/v2\/comments?post=13443"}],"version-history":[{"count":1,"href":"http:\/\/intersismet.pt\/en\/wp-json\/wp\/v2\/pages\/13443\/revisions"}],"predecessor-version":[{"id":15546,"href":"http:\/\/intersismet.pt\/en\/wp-json\/wp\/v2\/pages\/13443\/revisions\/15546"}],"wp:attachment":[{"href":"http:\/\/intersismet.pt\/en\/wp-json\/wp\/v2\/media?parent=13443"}],"curies":[{"name":"wp","href":"https:\/\/api.w.org\/{rel}","templated":true}]}}

<div class="vc_row wpb_row vc_row-fluid"><div class="wpb_column vc_column_container vc_col-sm-12"><div class="wpb_wrapper">
	<div class="wpb_text_column wpb_content_element ">
		<div class="wpb_wrapper">
			<h3>National</h3>

		</div>
	</div>
[dt_gap height=&#8221;10&#8243;]
	<div class="wpb_tabs wpb_content_element" data-interval="0">
		<div class="wpb_wrapper wpb_tour_tabs_wrapper ui-tabs vc_clearfix">
			<ul class="wpb_tabs_nav ui-tabs-nav vc_clearfix"><li><a href="#tab-1382271060-1-56">Municipalities</a></li><li><a href="#tab-1382271060-2-99">Associations of Municipalities</a></li><li><a href="#tab-1382274074498-2-6">Others</a></li></ul>
	<div id="tab-1382271060-1-56" class="wpb_tab ui-tabs-panel wpb_ui-tabs-hide vc_clearfix">
		<div class="vc_row wpb_row vc_inner vc_row-fluid"><div class="wpb_column vc_column_container vc_col-sm-4"><div class="wpb_wrapper">[dt_vc_list style=&#8221;1&#8243; dividers=&#8221;true&#8221;]</p>
<ul>
<li>Abrantes</li>
<li>Alcácer do Sal</li>
<li>Alcanena</li>
<li>Alcochete</li>
<li>Alenquer</li>
<li>Aljustrel</li>
<li>Almada</li>
<li>Alpiarça</li>
<li>Alvito</li>
<li>Amadora</li>
<li>Arronches</li>
<li>Barrancos</li>
<li>Barreiro</li>
<li>Benavente</li>
<li>Calheta</li>
<li>Campo Maior</li>
<li>Cartaxo</li>
<li>Castelo de Vide</li>
<li>Chamusca</li>
<li>Constância</li>
<li>Crato</li>
<li>Cuba</li>
<li>Entroncamento</li>
<li>Ferreira do Zêzere</li>
<li>Gaviã</li>
</ul>
<p>[/dt_vc_list]</div></div><div class="wpb_column vc_column_container vc_col-sm-4"><div class="wpb_wrapper">[dt_vc_list style=&#8221;1&#8243; dividers=&#8221;true&#8221;]</p>
<ul>
<li>Golegã</li>
<li>Grândola</li>
<li>Horta</li>
<li>Lajes do Pico</li>
<li>Lagoa</li>
<li>Lagos</li>
<li>Leiria</li>
<li>Lisboa</li>
<li>Loures</li>
<li>Madalena</li>
<li>Marinha Grande</li>
<li>Marvão</li>
<li>Mértola</li>
<li>Monforte</li>
<li>Montemor-o-Novo</li>
<li>Montijo</li>
<li>Mortágua</li>
<li>Mourão</li>
<li>Nisa</li>
<li>Oeiras</li>
<li>Oliveira de Azemeis</li>
<li>Ourém</li>
<li>Ovar</li>
<li>Palmela</li>
<li>Portalegre</li>
<li>Ponta Delgada</li>
</ul>
<p>[/dt_vc_list]</div></div><div class="wpb_column vc_column_container vc_col-sm-4"><div class="wpb_wrapper">[dt_vc_list style=&#8221;1&#8243; dividers=&#8221;true&#8221;]</p>
<ul>
<li>Porto</li>
<li>Porto de Mós</li>
<li>Reguengos de Monsaraz</li>
<li>Rio Maior</li>
<li>S. Brás de Alportel</li>
<li>S. Roque do Pico</li>
<li>Salvaterra de Magos</li>
<li>Santarém</li>
<li>Santiago do Cacém</li>
<li>Sardoal</li>
<li>Seixal</li>
<li>Serpa</li>
<li>Sines</li>
<li>Sobral de Monte Agraço</li>
<li>Sousel</li>
<li>Tábua</li>
<li>Tomar</li>
<li>Tondela</li>
<li>Torres Vedras</li>
<li>Velas</li>
<li>Vendas Novas</li>
<li>Vila do Bispo</li>
<li>Vila Real</li>
</ul>
<p>[/dt_vc_list]</div></div></div>
	</div>

	<div id="tab-1382271060-2-99" class="wpb_tab ui-tabs-panel wpb_ui-tabs-hide vc_clearfix">
		[dt_vc_list style=&#8221;1&#8243; dividers=&#8221;true&#8221;]</p>
<ul>
<li>AMCAL</li>
<li>AMDB</li>
<li>AMDE</li>
<li>AMDS</li>
<li>AMLT</li>
<li>Lisbon Metropolitan Area</li>
<li>Alentejo Coast Metropolitan Area</li>
</ul>
<p>[/dt_vc_list]
	</div>

	<div id="tab-1382274074498-2-6" class="wpb_tab ui-tabs-panel wpb_ui-tabs-hide vc_clearfix">
		[dt_vc_list style=&#8221;1&#8243; dividers=&#8221;true&#8221;]</p>
<ul>
<li>Alentejo Regional Development Coordination Commission (CCDR)</li>
<li>Algarve Regional Development Coordination Commission (CCDR)</li>
<li>Lisbon and Tagus Valley Regional Development Coordination Commission (CCDR)</li>
<li>Planície Dourada Tourism Region</li>
<li>Évora Tourism Region</li>
<li>S. Mamede Tourism Region</li>
<li>Algarve Tourism Region</li>
<li>North Alentejo Tourism Region</li>
<li>Ribatejo Tourism Region</li>
<li>Directorate-General for Regional Policies of the EU</li>
<li>Directorate General of Regional Development</li>
<li>National Board of Scientific and Technological Research</li>
<li>Regional Office of Housing, Public Works, Transport and Communications</li>
<li>Regional Secretariat of Finances &#8211; Madeira</li>
</ul>
<p>[/dt_vc_list]
	</div>

		</div>
	</div>
[dt_gap height=&#8221;20&#8243;]</div></div></div><div class="vc_row wpb_row vc_row-fluid"><div class="wpb_column vc_column_container vc_col-sm-12"><div class="wpb_wrapper">
	<div class="wpb_text_column wpb_content_element ">
		<div class="wpb_wrapper">
			<h3>International</h3>

		</div>
	</div>
[dt_gap height=&#8221;10&#8243;]
	<div class="wpb_tabs wpb_content_element" data-interval="0">
		<div class="wpb_wrapper wpb_tour_tabs_wrapper ui-tabs vc_clearfix">
			<ul class="wpb_tabs_nav ui-tabs-nav vc_clearfix"><li><a href="#tab-1382274286473-3-4">Angola</a></li><li><a href="#tab-1382274304179-4-1">Brazil</a></li><li><a href="#tab-1382274807158-2-5">Mozambique</a></li><li><a href="#tab-1382274849292-3-9">Cape Verde</a></li><li><a href="#tab-1382274896618-4-10">Guinea-Bissau</a></li></ul>
	<div id="tab-1382274286473-3-4" class="wpb_tab ui-tabs-panel wpb_ui-tabs-hide vc_clearfix">
		<div class="vc_row wpb_row vc_inner vc_row-fluid"><div class="wpb_column vc_column_container vc_col-sm-6"><div class="wpb_wrapper">[dt_vc_list style=&#8221;1&#8243; dividers=&#8221;true&#8221;]<strong>Provincial Governments</strong></p>
<ul>
<li>Provincial Government of Bié</li>
<li>Provincial Government of Cabinda</li>
<li>Provincial Government of Luanda</li>
<li>Provincial Government of Bengo</li>
<li>Provincial Government of Benguela</li>
<li>Provincial Government of Cuando Cubango</li>
<li>Provincial Government of Zaire</li>
<li>Provincial Government of Lunda Sul</li>
<li>Provincial Government of Lunda-Norte</li>
<li>Provincial Government of Kwanza-Sul</li>
</ul>
<p><strong>Ministries</strong></p>
<ul>
<li>Ministry of Urbanism and the Environment</li>
<li>Ministry of Planning</li>
<li>Ministry of Territorial Administration</li>
<li>Ministry of Health</li>
<li>Ministry of Planning</li>
<li>Ministry of Energy and Water</li>
<li>Ministry of Commerce</li>
<li>Ministry of Industry</li>
<li>Ministry of Science and Technology</li>
</ul>
<p><strong>Public Companies</strong></p>
<ul>
<li>Port of Luanda, EP</li>
</ul>
<p>[/dt_vc_list]</div></div><div class="wpb_column vc_column_container vc_col-sm-6"><div class="wpb_wrapper">[dt_vc_list style=&#8221;1&#8243; dividers=&#8221;true&#8221; bullet_position=&#8221;top&#8221;]<strong>Municipal Administrations</strong></p>
<ul>
<li>Belize Municipal Administration (Cabinda Province)</li>
<li>Buco Zau Municipal Administration (Cabinda Province)</li>
<li>Cabinda Municipal Administration (Cabinda Province)</li>
<li>Cacongo Municipal Administration (Cabinda Province)</li>
<li>Cazenga Municipal Administration (Luanda Province)</li>
<li>Cacuaco Municipal Administration (Luanda Province)</li>
<li>Rangel Municipal Administration (Luanda Province)</li>
<li>Samba Municipal Administration (Luanda Province)</li>
<li>Viana Municipal Administration (Luanda Province)</li>
<li>Shah-Muteba Municipal Administration (Lunda Norte Province)</li>
<li>Chitato Municipal Administration (Lunda Norte Province)</li>
<li>Cuilo Municipal Administration (Lunda <a href="http://canadian-cialis.com/">http://canadian-cialis.com/</a> Norte Province)</li>
<li>Lubalo Municipal Administration (Lunda Norte Province)</li>
</ul>
<p><strong>Institutes</strong></p>
<ul>
<li>IPGUL &#8211; Institute for Planning and Urban Management of Luanda</li>
<li>INOTU &#8211; National Institute of Territorial Planning and Urban Development</li>
<li>INH-National Housing Institute</li>
<li>IGCA-Institute of Geodesy and Cartography of Angola</li>
<li>IDA &#8211; Institute of Agrarian Development</li>
<li>INEMA &#8211; National Institute of Medical Emergencies of Angola</li>
<li>IGEO – Angolan Geological Institute</li>
<li>IFAL &#8211; Institute for Local Government</li>
</ul>
<p>[/dt_vc_list]</div></div></div>
	</div>

	<div id="tab-1382274304179-4-1" class="wpb_tab ui-tabs-panel wpb_ui-tabs-hide vc_clearfix">
		[dt_vc_list style=&#8221;1&#8243; dividers=&#8221;true&#8221;]</p>
<ul>
<li>Government of the State of Ceará</li>
<li>Government of the State of Paraíba</li>
</ul>
<p>[/dt_vc_list]
	</div>

	<div id="tab-1382274807158-2-5" class="wpb_tab ui-tabs-panel wpb_ui-tabs-hide vc_clearfix">
		[dt_vc_list style=&#8221;1&#8243; dividers=&#8221;true&#8221;]</p>
<ul>
<li>PETROMOC</li>
<li>Provincial Government of Niassa</li>
<li>Ministry of State Administration</li>
</ul>
<p>[/dt_vc_list]
	</div>

	<div id="tab-1382274849292-3-9" class="wpb_tab ui-tabs-panel wpb_ui-tabs-hide vc_clearfix">
		[dt_vc_list style=&#8221;1&#8243; dividers=&#8221;true&#8221;]</p>
<ul>
<li>Chamber of Mosteiros</li>
<li>Ministry of the Presidency</li>
<li>Ministry of Public Works</li>
<li>Municipality of Praia</li>
<li>Municipality of São Vicente</li>
</ul>
<p>[/dt_vc_list]
	</div>

	<div id="tab-1382274896618-4-10" class="wpb_tab ui-tabs-panel wpb_ui-tabs-hide vc_clearfix">
		[dt_vc_list style=&#8221;1&#8243; dividers=&#8221;true&#8221;]</p>
<ul>
<li>Ministry of Commerce</li>
<li>Ministry of Planning and Economic Coordination</li>
</ul>
<p>[/dt_vc_list]
	</div>

		</div>
	</div>
</div></div></div>

National [dt_gap height="10"] MunicipalitiesAssociations of MunicipalitiesOthers [dt_vc_list style="1" dividers="true"] Abrantes Alcácer do Sal Alcanena Alcochete Alenquer Aljustrel Almada Alpiarça Alvito Amadora Arronches Barrancos Barreiro Benavente Calheta Campo Maior Cartaxo Castelo de Vide Chamusca Constância Crato Cuba Entroncamento Ferreira do Zêzere Gaviã [/dt_vc_list][dt_vc_list style="1" dividers="true"] Golegã Grândola Horta Lajes do Pico Lagoa Lagos Leiria Lisboa Loures &hellip; <a href="http://intersismet.pt/en/clients/" class="more-link">Continue reading <span class="screen-reader-text">Clients</span></a>
