{"id":13500,"date":"2013-10-01T09:54:27","date_gmt":"2013-10-01T09:54:27","guid":{"rendered":"http:\/\/intersismet.com\/historia-2\/"},"modified":"2014-03-20T08:35:14","modified_gmt":"2014-03-20T08:35:14","slug":"historia","status":"publish","type":"page","link":"http:\/\/intersismet.pt\/es\/historia\/","title":{"rendered":"Historia"},"content":{"rendered":"<div class=\"vc_row wpb_row vc_row-fluid\"><div class=\"wpb_column vc_column_container vc_col-sm-12\"><div class=\"wpb_wrapper\">[dt_gap height=&#8221;20&#8243;]<\/div><\/div><\/div><div class=\"vc_row wpb_row vc_row-fluid\"><div class=\"wpb_column vc_column_container vc_col-sm-12\"><div class=\"wpb_wrapper\">\n\t<div class=\"wpb_text_column wpb_content_element \">\n\t\t<div class=\"wpb_wrapper\">\n\t\t\t<p><strong>INTERSISMET<\/strong> es heredera de SISMET, creada en 1978 por un grupo de t\u00e9cnicos con variadas experiencias, adoptando una metodolog\u00eda pionera en Portugal basada en la Teor\u00eda General de los Sistemas, que se puso al servicio del desarrollo de la Administraci\u00f3n P\u00fablica portuguesa en el \u00e1mbito del proceso de descentralizaci\u00f3n administrativa resultante de la aprobaci\u00f3n de la Constituci\u00f3n de la Rep\u00fablica Portuguesa de 1976.<\/p>\n<p align=\"justify\">Teniendo como tel\u00f3n de fondo el mercado de los pa\u00edses de habla portuguesa, desde muy pronto SISMET inici\u00f3 un proceso de crecimiento y de internacionalizaci\u00f3n:<\/p>\n\n\t\t<\/div>\n\t<\/div>\n[dt_gap height=&#8221;20&#8243;]\n\t<div class=\"wpb_single_image wpb_content_element vc_align_left\">\n\t\t\n\t\t<figure class=\"wpb_wrapper vc_figure\">\n\t\t\t<div class=\"vc_single_image-wrapper   vc_box_border_grey\"><img loading=\"lazy\" decoding=\"async\" width=\"934\" height=\"386\" src=\"http:\/\/intersismet.com\/wp-content\/uploads\/2013\/10\/timeline_es2.png\" class=\"vc_single_image-img attachment-full\" alt=\"\" srcset=\"http:\/\/intersismet.com\/wp-content\/uploads\/2013\/10\/timeline_es2.png 934w, http:\/\/intersismet.com\/wp-content\/uploads\/2013\/10\/timeline_es2-300x123.png 300w\" sizes=\"(max-width: 934px) 100vw, 934px\" \/><\/div>\n\t\t<\/figure>\n\t<\/div>\n[dt_gap height=&#8221;20&#8243;]\n\t<div class=\"wpb_text_column wpb_content_element \">\n\t\t<div class=\"wpb_wrapper\">\n\t\t\t<p>El know-how de INTERSISMET se beneficia de un amplio conjunto de experiencias resultantes de la actividad iniciada en 1978, constituyendo la Administraci\u00f3n P\u00fablica Central y Local, el segmento de mercado elegido en su desarrollo estrat\u00e9gico.<\/p>\n<p>En 2004, las empresas se funden, de forma que INTERSISMET abarca los mercados nacionales e internacionales de consultor\u00eda.<\/p>\n<p>Actualmente, INTERSISMET desarrolla su actividad en las \u00e1reas de organizaci\u00f3n, modernizaci\u00f3n administrativa, planificaci\u00f3n, tecnolog\u00edas de informaci\u00f3n y comunicaci\u00f3n, capacitaci\u00f3n institucional, formaci\u00f3n y supervisi\u00f3n de obras, tanto en Portugal, como en otros mercados internacionales, concretamente en Angola, donde se cre\u00f3 en 2009 una empresa de derecho angole\u00f1o, <strong>INTERSISMET Consulting SA.<\/strong><\/p>\n<p>En 2012, INTERSISMET Consulting inaugur\u00f3 una nueva sede social en Angola y, en 2013, INTERSISMET S.A., adquiri\u00f3 e inaugur\u00f3 una nueva sede social en Lisboa.<\/p>\n<p>En 2013, como consecuencia l\u00f3gica de la apuesta que ha realizado en el mercado de los pa\u00edses de habla portuguesa, INTERSISMET se asoci\u00f3 a la <strong>Confederaci\u00f3n Empresarial de la Comunidad de Pa\u00edses de Lengua Portuguesa.<\/strong><\/p>\n<p>En 2014 se incorpor\u00f3 <strong>Intersismet Asia<\/strong>, lo que indica el compromiso del Grupo en Timor Oriental, y ha abierto una nueva sede en Dili.<\/p>\n\n\t\t<\/div>\n\t<\/div>\n[dt_gap height=&#8221;20&#8243;]<\/div><\/div><\/div>\n","protected":false},"excerpt":{"rendered":"[dt_gap height=\"20\"] INTERSISMET es heredera de SISMET, creada en 1978 por un grupo de t\u00e9cnicos con variadas experiencias, adoptando una metodolog\u00eda pionera en Portugal basada en la Teor\u00eda General de los Sistemas, que se puso al servicio del desarrollo de la Administraci\u00f3n P\u00fablica portuguesa en el \u00e1mbito del proceso de descentralizaci\u00f3n administrativa resultante de la &hellip; <a href=\"http:\/\/intersismet.pt\/es\/historia\/\" class=\"more-link\">Continue reading <span class=\"screen-reader-text\">Historia<\/span><\/a>","protected":false},"author":1,"featured_media":0,"parent":0,"menu_order":0,"comment_status":"closed","ping_status":"closed","template":"","meta":{"footnotes":""},"_links":{"self":[{"href":"http:\/\/intersismet.pt\/es\/wp-json\/wp\/v2\/pages\/13500"}],"collection":[{"href":"http:\/\/intersismet.pt\/es\/wp-json\/wp\/v2\/pages"}],"about":[{"href":"http:\/\/intersismet.pt\/es\/wp-json\/wp\/v2\/types\/page"}],"author":[{"embeddable":true,"href":"http:\/\/intersismet.pt\/es\/wp-json\/wp\/v2\/users\/1"}],"replies":[{"embeddable":true,"href":"http:\/\/intersismet.pt\/es\/wp-json\/wp\/v2\/comments?post=13500"}],"version-history":[{"count":0,"href":"http:\/\/intersismet.pt\/es\/wp-json\/wp\/v2\/pages\/13500\/revisions"}],"wp:attachment":[{"href":"http:\/\/intersismet.pt\/es\/wp-json\/wp\/v2\/media?parent=13500"}],"curies":[{"name":"wp","href":"https:\/\/api.w.org\/{rel}","templated":true}]}}

<div class="vc_row wpb_row vc_row-fluid"><div class="wpb_column vc_column_container vc_col-sm-12"><div class="wpb_wrapper">[dt_gap height=&#8221;20&#8243;]</div></div></div><div class="vc_row wpb_row vc_row-fluid"><div class="wpb_column vc_column_container vc_col-sm-12"><div class="wpb_wrapper">
	<div class="wpb_text_column wpb_content_element ">
		<div class="wpb_wrapper">
			<p><strong>INTERSISMET</strong> es heredera de SISMET, creada en 1978 por un grupo de técnicos con variadas experiencias, adoptando una metodología pionera en Portugal basada en la Teoría General de los Sistemas, que se puso al servicio del desarrollo de la Administración Pública portuguesa en el ámbito del proceso de descentralización administrativa resultante de la aprobación de la Constitución de la República Portuguesa de 1976.</p>
<p align="justify">Teniendo como telón de fondo el mercado de los países de habla portuguesa, desde muy pronto SISMET inició un proceso de crecimiento y de internacionalización:</p>

		</div>
	</div>
[dt_gap height=&#8221;20&#8243;]
	<div class="wpb_single_image wpb_content_element vc_align_left">
		
		<figure class="wpb_wrapper vc_figure">
			<div class="vc_single_image-wrapper   vc_box_border_grey"><img loading="lazy" decoding="async" width="934" height="386" src="http://intersismet.com/wp-content/uploads/2013/10/timeline_es2.png" class="vc_single_image-img attachment-full" alt="" srcset="http://intersismet.com/wp-content/uploads/2013/10/timeline_es2.png 934w, http://intersismet.com/wp-content/uploads/2013/10/timeline_es2-300x123.png 300w" sizes="(max-width: 934px) 100vw, 934px" /></div>
		</figure>
	</div>
[dt_gap height=&#8221;20&#8243;]
	<div class="wpb_text_column wpb_content_element ">
		<div class="wpb_wrapper">
			<p>El know-how de INTERSISMET se beneficia de un amplio conjunto de experiencias resultantes de la actividad iniciada en 1978, constituyendo la Administración Pública Central y Local, el segmento de mercado elegido en su desarrollo estratégico.</p>
<p>En 2004, las empresas se funden, de forma que INTERSISMET abarca los mercados nacionales e internacionales de consultoría.</p>
<p>Actualmente, INTERSISMET desarrolla su actividad en las áreas de organización, modernización administrativa, planificación, tecnologías de información y comunicación, capacitación institucional, formación y supervisión de obras, tanto en Portugal, como en otros mercados internacionales, concretamente en Angola, donde se creó en 2009 una empresa de derecho angoleño, <strong>INTERSISMET Consulting SA.</strong></p>
<p>En 2012, INTERSISMET Consulting inauguró una nueva sede social en Angola y, en 2013, INTERSISMET S.A., adquirió e inauguró una nueva sede social en Lisboa.</p>
<p>En 2013, como consecuencia lógica de la apuesta que ha realizado en el mercado de los países de habla portuguesa, INTERSISMET se asoció a la <strong>Confederación Empresarial de la Comunidad de Países de Lengua Portuguesa.</strong></p>
<p>En 2014 se incorporó <strong>Intersismet Asia</strong>, lo que indica el compromiso del Grupo en Timor Oriental, y ha abierto una nueva sede en Dili.</p>

		</div>
	</div>
[dt_gap height=&#8221;20&#8243;]</div></div></div>

[dt_gap height="20"] INTERSISMET es heredera de SISMET, creada en 1978 por un grupo de técnicos con variadas experiencias, adoptando una metodología pionera en Portugal basada en la Teoría General de los Sistemas, que se puso al servicio del desarrollo de la Administración Pública portuguesa en el ámbito del proceso de descentralización administrativa resultante de la &hellip; <a href="http://intersismet.pt/es/historia/" class="more-link">Continue reading <span class="screen-reader-text">Historia</span></a>
