{"id":13469,"date":"2013-10-12T14:40:28","date_gmt":"2013-10-12T14:40:28","guid":{"rendered":"http:\/\/intersismet.com\/equipe\/antonio-gaspar\/"},"modified":"2019-04-17T13:39:59","modified_gmt":"2019-04-17T13:39:59","slug":"antonio-gaspar","status":"publish","type":"page","link":"http:\/\/intersismet.pt\/fr\/notre-equipe\/antonio-gaspar\/","title":{"rendered":"Ant\u00f3nio Gaspar"},"content":{"rendered":"<div class=\"vc_row wpb_row vc_row-fluid\"><div class=\"wpb_column vc_column_container vc_col-sm-4\"><div class=\"wpb_wrapper\">\n\t<div class=\"wpb_single_image wpb_content_element vc_align_left  wpb_animate_when_almost_visible wpb_left-to-right\">\n\t\t\n\t\t<figure class=\"wpb_wrapper vc_figure\">\n\t\t\t<div class=\"vc_single_image-wrapper   vc_box_border_grey\"><img loading=\"lazy\" decoding=\"async\" class=\"vc_single_image-img \" src=\"http:\/\/intersismet.com\/wp-content\/uploads\/2013\/10\/equipa_antoniogaspar3.jpg\" width=\"270\" height=\"200\" alt=\"equipa_antoniogaspar\" title=\"equipa_antoniogaspar\" \/><\/div>\n\t\t<\/figure>\n\t<\/div>\n[dt_quote type=&#8221;blockquote&#8221; font_size=&#8221;normal&#8221; background=&#8221;plain&#8221; animation=&#8221;none&#8221;]\u00ab Plus j\u2019ai de travail, plus j\u2019ai de chance. \u00bb<br \/>\nTiger Woods[\/dt_quote]<div class=\"vc_separator wpb_content_element vc_separator_align_center vc_sep_width_100 vc_sep_pos_align_center vc_separator_no_text vc_sep_color_grey\"><span\n\tclass=\"vc_sep_holder vc_sep_holder_l\"><span  class=\"vc_sep_line\"><\/span><\/span><span\n\tclass=\"vc_sep_holder vc_sep_holder_r\"><span  class=\"vc_sep_line\"><\/span><\/span>\n<\/div>\n\t<div class=\"wpb_text_column wpb_content_element \">\n\t\t<div class=\"wpb_wrapper\">\n\t\t\t<p>Formation<br \/>\nMa\u00eetrise en Organisation et Gestion des Entreprises, de l\u2019Institut Sup\u00e9rieur d\u2019\u00c9conomie;.<\/p>\n\n\t\t<\/div>\n\t<\/div>\n<\/div><\/div><div class=\"wpb_column vc_column_container vc_col-sm-8\"><div class=\"wpb_wrapper\">\n\t<div class=\"wpb_text_column wpb_content_element \">\n\t\t<div class=\"wpb_wrapper\">\n\t\t\t<p>Responsable d\u2019Intersismet Consulting en Angola, Ant\u00f3nio Gaspar poss\u00e8de une exp\u00e9rience de plus de 33 ans dans le domaine de la gestion d\u2019entreprises dans diff\u00e9rents secteurs et pays.<\/p>\n\n\t\t<\/div>\n\t<\/div>\n[dt_gap height=&#8221;20&#8243;]\n\t<div class=\"wpb_text_column wpb_content_element \">\n\t\t<div class=\"wpb_wrapper\">\n\t\t\t<p><strong>Exp\u00e9rience:<\/strong><\/p>\n<ul>\n<li>Assistant Invit\u00e9 de l\u2019Institut Sup\u00e9rieur d\u2019\u00c9conomie et de Gestion, de 1980 \u00e0 1986\u00a0;<\/li>\n<li>Directeur des <a href=\"https:\/\/viagrageneriquefr24.com\/\">g\u00e9nial viagra generique avis<\/a> Services Financiers de Telecom Portugal, de 1989 \u00e0 1996\u00a0;<\/li>\n<li>Membre du Conseil d\u2019Administration de Compta, SA, entre 1991 et 1993\u00a0;<\/li>\n<li>Administrateur D\u00e9l\u00e9gu\u00e9 de Guin\u00e9 Telecom (Guin\u00e9e-Bissau), de 1997 \u00e0 1998 (Groupe Portugal Telecom)\u00a0;<\/li>\n<li>CEO de Mascom Wireless (Botswana), de 1998 \u00e0 2000 (Groupe Portugal Telecom)\u00a0;<\/li>\n<li>Membre du Conseil d\u2019Administration et du Directoire de PT Prime, Solu\u00e7\u00f5es Empresariais, SA (Groupe Portugal Telecom)\u00a0;<\/li>\n<li>Membre du Conseil d\u2019Administration et du Directoire de PT Prime, SGPS entre 2000 et 2002 (Groupe Portugal Telecom)\u00a0;<\/li>\n<li>Membre du Conseil d\u2019Administration de Tradecom, SA, entre 2000 et 2002 (Groupe Portugal Telecom)\u00a0;<\/li>\n<li>Membre du Conseil d\u2019Administration de Megam\u00e9dia, SA, entre 2001 et 2002 (Groupe Portugal Telecom)\u00a0;<\/li>\n<li>Pr\u00e9sident Ex\u00e9cutif de Primesys (S\u00e3o Paulo, Br\u00e9sil), entre 2002 et 2004 (Groupe Portugal Telecom)\u00a0;<\/li>\n<li>Directeur G\u00e9n\u00e9ral Adjoint et Membre du Conseil d\u2019Administration de Meditel (Maroc), en 2005 (Groupe Portugal Telecom)\u00a0;<\/li>\n<li>Directeur G\u00e9n\u00e9ral de Soconinfa, Constru\u00e7\u00e3o Civil e Obras P\u00fablicas (Angola), depuis 2007\u00a0;<\/li>\n<li>Membre du Conseil d\u2019Administration d\u2019Intersismet, SA, depuis 2010\u00a0;<\/li>\n<li>Pr\u00e9sident du Directoire et Membre du Conseil d\u2019Administration d\u2019Intersismet Consulting depuis 2011.<\/li>\n<\/ul>\n\n\t\t<\/div>\n\t<\/div>\n<\/div><\/div><\/div>\n","protected":false},"excerpt":{"rendered":"[dt_quote type=\"blockquote\" font_size=\"normal\" background=\"plain\" animation=\"none\"]\u00ab Plus j\u2019ai de travail, plus j\u2019ai de chance. \u00bb Tiger Woods[\/dt_quote] Formation Ma\u00eetrise en Organisation et Gestion des Entreprises, de l\u2019Institut Sup\u00e9rieur d\u2019\u00c9conomie;. Responsable d\u2019Intersismet Consulting en Angola, Ant\u00f3nio Gaspar poss\u00e8de une exp\u00e9rience de plus de 33 ans dans le domaine de la gestion d\u2019entreprises dans diff\u00e9rents secteurs et pays. &hellip; <a href=\"http:\/\/intersismet.pt\/fr\/notre-equipe\/antonio-gaspar\/\" class=\"more-link\">Continue reading <span class=\"screen-reader-text\">Ant\u00f3nio Gaspar<\/span><\/a>","protected":false},"author":1,"featured_media":0,"parent":13455,"menu_order":0,"comment_status":"closed","ping_status":"open","template":"","meta":{"footnotes":""},"_links":{"self":[{"href":"http:\/\/intersismet.pt\/fr\/wp-json\/wp\/v2\/pages\/13469"}],"collection":[{"href":"http:\/\/intersismet.pt\/fr\/wp-json\/wp\/v2\/pages"}],"about":[{"href":"http:\/\/intersismet.pt\/fr\/wp-json\/wp\/v2\/types\/page"}],"author":[{"embeddable":true,"href":"http:\/\/intersismet.pt\/fr\/wp-json\/wp\/v2\/users\/1"}],"replies":[{"embeddable":true,"href":"http:\/\/intersismet.pt\/fr\/wp-json\/wp\/v2\/comments?post=13469"}],"version-history":[{"count":1,"href":"http:\/\/intersismet.pt\/fr\/wp-json\/wp\/v2\/pages\/13469\/revisions"}],"predecessor-version":[{"id":15565,"href":"http:\/\/intersismet.pt\/fr\/wp-json\/wp\/v2\/pages\/13469\/revisions\/15565"}],"up":[{"embeddable":true,"href":"http:\/\/intersismet.pt\/fr\/wp-json\/wp\/v2\/pages\/13455"}],"wp:attachment":[{"href":"http:\/\/intersismet.pt\/fr\/wp-json\/wp\/v2\/media?parent=13469"}],"curies":[{"name":"wp","href":"https:\/\/api.w.org\/{rel}","templated":true}]}}

António Gaspar

<div class="vc_row wpb_row vc_row-fluid"><div class="wpb_column vc_column_container vc_col-sm-4"><div class="wpb_wrapper">
	<div class="wpb_single_image wpb_content_element vc_align_left  wpb_animate_when_almost_visible wpb_left-to-right">
		
		<figure class="wpb_wrapper vc_figure">
			<div class="vc_single_image-wrapper   vc_box_border_grey"><img loading="lazy" decoding="async" class="vc_single_image-img " src="http://intersismet.com/wp-content/uploads/2013/10/equipa_antoniogaspar3.jpg" width="270" height="200" alt="equipa_antoniogaspar" title="equipa_antoniogaspar" /></div>
		</figure>
	</div>
[dt_quote type=&#8221;blockquote&#8221; font_size=&#8221;normal&#8221; background=&#8221;plain&#8221; animation=&#8221;none&#8221;]« Plus j’ai de travail, plus j’ai de chance. »<br />
Tiger Woods[/dt_quote]<div class="vc_separator wpb_content_element vc_separator_align_center vc_sep_width_100 vc_sep_pos_align_center vc_separator_no_text vc_sep_color_grey"><span
	class="vc_sep_holder vc_sep_holder_l"><span  class="vc_sep_line"></span></span><span
	class="vc_sep_holder vc_sep_holder_r"><span  class="vc_sep_line"></span></span>
</div>
	<div class="wpb_text_column wpb_content_element ">
		<div class="wpb_wrapper">
			<p>Formation<br />
Maîtrise en Organisation et Gestion des Entreprises, de l’Institut Supérieur d’Économie;.</p>

		</div>
	</div>
</div></div><div class="wpb_column vc_column_container vc_col-sm-8"><div class="wpb_wrapper">
	<div class="wpb_text_column wpb_content_element ">
		<div class="wpb_wrapper">
			<p>Responsable d’Intersismet Consulting en Angola, António Gaspar possède une expérience de plus de 33 ans dans le domaine de la gestion d’entreprises dans différents secteurs et pays.</p>

		</div>
	</div>
[dt_gap height=&#8221;20&#8243;]
	<div class="wpb_text_column wpb_content_element ">
		<div class="wpb_wrapper">
			<p><strong>Expérience:</strong></p>
<ul>
<li>Assistant Invité de l’Institut Supérieur d’Économie et de Gestion, de 1980 à 1986 ;</li>
<li>Directeur des <a href="https://viagrageneriquefr24.com/">génial viagra generique avis</a> Services Financiers de Telecom Portugal, de 1989 à 1996 ;</li>
<li>Membre du Conseil d’Administration de Compta, SA, entre 1991 et 1993 ;</li>
<li>Administrateur Délégué de Guiné Telecom (Guinée-Bissau), de 1997 à 1998 (Groupe Portugal Telecom) ;</li>
<li>CEO de Mascom Wireless (Botswana), de 1998 à 2000 (Groupe Portugal Telecom) ;</li>
<li>Membre du Conseil d’Administration et du Directoire de PT Prime, Soluções Empresariais, SA (Groupe Portugal Telecom) ;</li>
<li>Membre du Conseil d’Administration et du Directoire de PT Prime, SGPS entre 2000 et 2002 (Groupe Portugal Telecom) ;</li>
<li>Membre du Conseil d’Administration de Tradecom, SA, entre 2000 et 2002 (Groupe Portugal Telecom) ;</li>
<li>Membre du Conseil d’Administration de Megamédia, SA, entre 2001 et 2002 (Groupe Portugal Telecom) ;</li>
<li>Président Exécutif de Primesys (São Paulo, Brésil), entre 2002 et 2004 (Groupe Portugal Telecom) ;</li>
<li>Directeur Général Adjoint et Membre du Conseil d’Administration de Meditel (Maroc), en 2005 (Groupe Portugal Telecom) ;</li>
<li>Directeur Général de Soconinfa, Construção Civil e Obras Públicas (Angola), depuis 2007 ;</li>
<li>Membre du Conseil d’Administration d’Intersismet, SA, depuis 2010 ;</li>
<li>Président du Directoire et Membre du Conseil d’Administration d’Intersismet Consulting depuis 2011.</li>
</ul>

		</div>
	</div>
</div></div></div>

[dt_quote type="blockquote" font_size="normal" background="plain" animation="none"]« Plus j’ai de travail, plus j’ai de chance. » Tiger Woods[/dt_quote] Formation Maîtrise en Organisation et Gestion des Entreprises, de l’Institut Supérieur d’Économie;. Responsable d’Intersismet Consulting en Angola, António Gaspar possède une expérience de plus de 33 ans dans le domaine de la gestion d’entreprises dans différents secteurs et pays. &hellip; <a href="http://intersismet.pt/fr/notre-equipe/antonio-gaspar/" class="more-link">Continue reading <span class="screen-reader-text">António Gaspar</span></a>
