{"id":13493,"date":"2013-10-01T09:55:36","date_gmt":"2013-10-01T09:55:36","guid":{"rendered":"http:\/\/intersismet.com\/filosofia-visao-e-missao-2\/"},"modified":"2015-04-06T08:29:47","modified_gmt":"2015-04-06T08:29:47","slug":"philosophie-vision-et-mission","status":"publish","type":"page","link":"http:\/\/intersismet.pt\/fr\/philosophie-vision-et-mission\/","title":{"rendered":"Notre philosophie, notre vision et notre mission"},"content":{"rendered":"<div class=\"vc_row wpb_row vc_row-fluid\"><div class=\"wpb_column vc_column_container vc_col-sm-12\"><div class=\"wpb_wrapper\">[dt_gap height=&#8221;20&#8243;]<\/div><\/div><\/div><div class=\"vc_row wpb_row vc_row-fluid\"><div class=\"wpb_column vc_column_container vc_col-sm-12\"><div class=\"wpb_wrapper\">\n\t<div class=\"wpb_text_column wpb_content_element \">\n\t\t<div class=\"wpb_wrapper\">\n\t\t\t<h5 style=\"text-align: center;\"><span style=\"color: #bb2c26;\"><b><i>LE SAVOIR R\u00c9SULTAT DU TRAVAIL ; LE TRAVAIL R\u00c9SULTAT DU SAVOIR<br \/>\n<\/i><\/b>Telle est notre philosophie d\u2019action sur le march\u00e9.<\/span><\/h5>\n\n\t\t<\/div>\n\t<\/div>\n[dt_gap height=&#8221;20&#8243;]<\/div><\/div><\/div><div class=\"vc_row wpb_row vc_row-fluid\"><div class=\"wpb_column vc_column_container vc_col-sm-6\"><div class=\"wpb_wrapper\">[dt_banner target_blank=&#8221;false&#8221; bg_color=&#8221;#f4f4f4&#8243; bg_opacity=&#8221;100&#8243; text_color=&#8221;#7b7b7b&#8221; text_size=&#8221;small&#8221; border_width=&#8221;0&#8243; outer_padding=&#8221;0&#8243; inner_padding=&#8221;10&#8243; min_height=&#8221;280&#8243; type=&#8221;uploaded_image&#8221;]<span style=\"color: #b63127;\"><strong>NOTRE VISION<\/strong><\/span><\/p>\n<p>Nous avons l\u2019ambition d\u2019\u00eatre reconnus comme le Groupe lusophone de r\u00e9f\u00e9rence dans le domaine des services de conseil strat\u00e9gique et de gestion dans la CPLP, en particulier en mati\u00e8re de politiques publiques, gr\u00e2ce aux solutions et au solide savoir-faire propos\u00e9s au cours de plus de 30 ans d\u2019action au niveau mondial et \u00e0 la cr\u00e9ation de valeur pour nos clients.[dt_gap height=&#8221;20&#8243; \/][\/dt_banner][dt_gap height=&#8221;20&#8243;]<\/div><\/div><div class=\"wpb_column vc_column_container vc_col-sm-6\"><div class=\"wpb_wrapper\">[dt_banner target_blank=&#8221;false&#8221; bg_color=&#8221;#f4f4f4&#8243; bg_opacity=&#8221;100&#8243; text_color=&#8221;#7b7b7b&#8221; text_size=&#8221;small&#8221; border_width=&#8221;0&#8243; outer_padding=&#8221;0&#8243; inner_padding=&#8221;10&#8243; min_height=&#8221;280&#8243; animation=&#8221;none&#8221;]<span style=\"color: #b63127;\"><strong>NOTRE MISSION<\/strong><\/span><\/p>\n<p>Nous nous engageons \u00e0 d\u00e9velopper un travail d\u2019excellence qui offre une valeur ajout\u00e9e \u00e0 nos clients et maximise leurs avantages comp\u00e9titifs, afin d\u2019assurer leur succ\u00e8s commercial et entrepreneurial. Parall\u00e8lement, nous d\u00e9sirons contribuer au d\u00e9veloppement social durable des march\u00e9s dans lesquels nous op\u00e9rons, en renfor\u00e7ant le prestige d\u00e9j\u00e0 atteint par le Groupe au plan national et international, sur trois continents diff\u00e9rents.[\/dt_banner][dt_gap height=&#8221;20&#8243;]<\/div><\/div><\/div><div class=\"vc_row wpb_row vc_row-fluid\"><div class=\"wpb_column vc_column_container vc_col-sm-8\"><div class=\"wpb_wrapper\">\n\t<div class=\"wpb_text_column wpb_content_element \">\n\t\t<div class=\"wpb_wrapper\">\n\t\t\t<p>Le Groupe INTERSISMET souhaite s\u2019affirmer comme <strong>l\u2019une des principales entreprises de conseil sur le march\u00e9 de la Lusophonie<\/strong>, compos\u00e9 de pr\u00e8s de 300 millions d\u2019habitants.<\/p>\n<p>En ce sens, nous privil\u00e9gions\u00a0:<\/p>\n<ul>\n<li>Le d\u00e9veloppement de projets reposant sur des synergies entre le processus d\u2019\u00e9tude et de recherche, d\u2019innovation de m\u00e9thodologies et de formes de travail gr\u00e2ce aux connaissances et aux exp\u00e9riences acquises\u00a0;<\/li>\n<li>Les processus participatifs, avec l\u2019implication directe des clients dans la mise en \u0153uvre des solutions propos\u00e9es, comme une condition essentielle \u00e0 la transmission de savoir-faire, \u00e0 la valorisation personnelle et \u00e0 la responsabilisation des organisations\u00a0;<\/li>\n<li>L\u2019exercice d\u2019une veille permanente par rapport aux progr\u00e8s et aux d\u00e9veloppements de techniques ainsi qu\u2019aux besoins et aux exigences du march\u00e9\u00a0;<\/li>\n<li>Une attitude proactive face aux dynamiques actuelles \u2013 nous prospectons les tendances, nous identifions les probl\u00e8mes et nous recherchons des solutions\u00a0;<\/li>\n<li>Un pari constant sur la formation, la recherche, la cr\u00e9ation et l\u2019adaptation de nos produits aux besoins locaux des march\u00e9s afin de faire face aux d\u00e9fis d\u2019un monde de plus en plus globalis\u00e9.<\/li>\n<\/ul>\n<p>Nous avons une connaissance approfondie des r\u00e9alit\u00e9s et des situations locales, gr\u00e2ce \u00e0 l\u2019inclusion dans nos \u00e9quipes de techniciens nationaux des pays o\u00f9 nous op\u00e9rons, en associant les services concern\u00e9s au suivi des projets, en participant et en promouvant la valorisation professionnelle des cadres directement concern\u00e9s par les projets. Nous sommes parfaitement familiaris\u00e9s avec les structures, l\u2019organisation et le fonctionnement de l\u2019administration publique des diff\u00e9rents pays o\u00f9 nous avons contribu\u00e9 \u00e0 la modernisation et \u00e0 la d\u00e9bureaucratisation des services publics des \u00c9tats.<\/p>\n\n\t\t<\/div>\n\t<\/div>\n<\/div><\/div><div class=\"wpb_column vc_column_container vc_col-sm-4\"><div class=\"wpb_wrapper\">[dt_vc_list style=&#8221;1&#8243; dividers=&#8221;true&#8221; bullet_position=&#8221;top&#8221;]<strong><span style=\"color: #b63127;\">NOS VALEURS<\/span><\/strong><\/p>\n<p><strong>1. Int\u00e9grit\u00e9<\/strong><\/p>\n<ul style=\"padding-left: 20px;\">\n<li>Respect<\/li>\n<li>Action \u00e9thique<\/li>\n<\/ul>\n<p><strong>2. Rigueur et Excellence<br \/>\n<\/strong><\/p>\n<ul style=\"padding-left: 20px;\">\n<li>Capacit\u00e9 technique \/ savoir-faire<\/li>\n<li>La plus haute qualit\u00e9<\/li>\n<li>Innovation<\/li>\n<\/ul>\n<p><strong>3. Diversit\u00e9 culturelle<br \/>\n<\/strong><\/p>\n<ul style=\"padding-left: 20px;\">\n<li>Connaissance approfondie des r\u00e9alit\u00e9s locales<\/li>\n<li>Une \u00e9quipe multiculturelle<\/li>\n<\/ul>\n<p>[\/dt_vc_list]<\/div><\/div><\/div>\n","protected":false},"excerpt":{"rendered":"[dt_gap height=\"20\"] LE SAVOIR R\u00c9SULTAT DU TRAVAIL ; LE TRAVAIL R\u00c9SULTAT DU SAVOIR Telle est notre philosophie d\u2019action sur le march\u00e9. [dt_gap height=\"20\"][dt_banner target_blank=\"false\" bg_color=\"#f4f4f4\" bg_opacity=\"100\" text_color=\"#7b7b7b\" text_size=\"small\" border_width=\"0\" outer_padding=\"0\" inner_padding=\"10\" min_height=\"280\" type=\"uploaded_image\"]NOTRE VISION Nous avons l\u2019ambition d\u2019\u00eatre reconnus comme le Groupe lusophone de r\u00e9f\u00e9rence dans le domaine des services de conseil strat\u00e9gique et de &hellip; <a href=\"http:\/\/intersismet.pt\/fr\/philosophie-vision-et-mission\/\" class=\"more-link\">Continue reading <span class=\"screen-reader-text\">Notre philosophie, notre vision et notre mission<\/span><\/a>","protected":false},"author":1,"featured_media":0,"parent":0,"menu_order":0,"comment_status":"closed","ping_status":"closed","template":"","meta":{"footnotes":""},"_links":{"self":[{"href":"http:\/\/intersismet.pt\/fr\/wp-json\/wp\/v2\/pages\/13493"}],"collection":[{"href":"http:\/\/intersismet.pt\/fr\/wp-json\/wp\/v2\/pages"}],"about":[{"href":"http:\/\/intersismet.pt\/fr\/wp-json\/wp\/v2\/types\/page"}],"author":[{"embeddable":true,"href":"http:\/\/intersismet.pt\/fr\/wp-json\/wp\/v2\/users\/1"}],"replies":[{"embeddable":true,"href":"http:\/\/intersismet.pt\/fr\/wp-json\/wp\/v2\/comments?post=13493"}],"version-history":[{"count":0,"href":"http:\/\/intersismet.pt\/fr\/wp-json\/wp\/v2\/pages\/13493\/revisions"}],"wp:attachment":[{"href":"http:\/\/intersismet.pt\/fr\/wp-json\/wp\/v2\/media?parent=13493"}],"curies":[{"name":"wp","href":"https:\/\/api.w.org\/{rel}","templated":true}]}}

<div class="vc_row wpb_row vc_row-fluid"><div class="wpb_column vc_column_container vc_col-sm-12"><div class="wpb_wrapper">[dt_gap height=&#8221;20&#8243;]</div></div></div><div class="vc_row wpb_row vc_row-fluid"><div class="wpb_column vc_column_container vc_col-sm-12"><div class="wpb_wrapper">
	<div class="wpb_text_column wpb_content_element ">
		<div class="wpb_wrapper">
			<h5 style="text-align: center;"><span style="color: #bb2c26;"><b><i>LE SAVOIR RÉSULTAT DU TRAVAIL ; LE TRAVAIL RÉSULTAT DU SAVOIR<br />
</i></b>Telle est notre philosophie d’action sur le marché.</span></h5>

		</div>
	</div>
[dt_gap height=&#8221;20&#8243;]</div></div></div><div class="vc_row wpb_row vc_row-fluid"><div class="wpb_column vc_column_container vc_col-sm-6"><div class="wpb_wrapper">[dt_banner target_blank=&#8221;false&#8221; bg_color=&#8221;#f4f4f4&#8243; bg_opacity=&#8221;100&#8243; text_color=&#8221;#7b7b7b&#8221; text_size=&#8221;small&#8221; border_width=&#8221;0&#8243; outer_padding=&#8221;0&#8243; inner_padding=&#8221;10&#8243; min_height=&#8221;280&#8243; type=&#8221;uploaded_image&#8221;]<span style="color: #b63127;"><strong>NOTRE VISION</strong></span></p>
<p>Nous avons l’ambition d’être reconnus comme le Groupe lusophone de référence dans le domaine des services de conseil stratégique et de gestion dans la CPLP, en particulier en matière de politiques publiques, grâce aux solutions et au solide savoir-faire proposés au cours de plus de 30 ans d’action au niveau mondial et à la création de valeur pour nos clients.[dt_gap height=&#8221;20&#8243; /][/dt_banner][dt_gap height=&#8221;20&#8243;]</div></div><div class="wpb_column vc_column_container vc_col-sm-6"><div class="wpb_wrapper">[dt_banner target_blank=&#8221;false&#8221; bg_color=&#8221;#f4f4f4&#8243; bg_opacity=&#8221;100&#8243; text_color=&#8221;#7b7b7b&#8221; text_size=&#8221;small&#8221; border_width=&#8221;0&#8243; outer_padding=&#8221;0&#8243; inner_padding=&#8221;10&#8243; min_height=&#8221;280&#8243; animation=&#8221;none&#8221;]<span style="color: #b63127;"><strong>NOTRE MISSION</strong></span></p>
<p>Nous nous engageons à développer un travail d’excellence qui offre une valeur ajoutée à nos clients et maximise leurs avantages compétitifs, afin d’assurer leur succès commercial et entrepreneurial. Parallèlement, nous désirons contribuer au développement social durable des marchés dans lesquels nous opérons, en renforçant le prestige déjà atteint par le Groupe au plan national et international, sur trois continents différents.[/dt_banner][dt_gap height=&#8221;20&#8243;]</div></div></div><div class="vc_row wpb_row vc_row-fluid"><div class="wpb_column vc_column_container vc_col-sm-8"><div class="wpb_wrapper">
	<div class="wpb_text_column wpb_content_element ">
		<div class="wpb_wrapper">
			<p>Le Groupe INTERSISMET souhaite s’affirmer comme <strong>l’une des principales entreprises de conseil sur le marché de la Lusophonie</strong>, composé de près de 300 millions d’habitants.</p>
<p>En ce sens, nous privilégions :</p>
<ul>
<li>Le développement de projets reposant sur des synergies entre le processus d’étude et de recherche, d’innovation de méthodologies et de formes de travail grâce aux connaissances et aux expériences acquises ;</li>
<li>Les processus participatifs, avec l’implication directe des clients dans la mise en œuvre des solutions proposées, comme une condition essentielle à la transmission de savoir-faire, à la valorisation personnelle et à la responsabilisation des organisations ;</li>
<li>L’exercice d’une veille permanente par rapport aux progrès et aux développements de techniques ainsi qu’aux besoins et aux exigences du marché ;</li>
<li>Une attitude proactive face aux dynamiques actuelles – nous prospectons les tendances, nous identifions les problèmes et nous recherchons des solutions ;</li>
<li>Un pari constant sur la formation, la recherche, la création et l’adaptation de nos produits aux besoins locaux des marchés afin de faire face aux défis d’un monde de plus en plus globalisé.</li>
</ul>
<p>Nous avons une connaissance approfondie des réalités et des situations locales, grâce à l’inclusion dans nos équipes de techniciens nationaux des pays où nous opérons, en associant les services concernés au suivi des projets, en participant et en promouvant la valorisation professionnelle des cadres directement concernés par les projets. Nous sommes parfaitement familiarisés avec les structures, l’organisation et le fonctionnement de l’administration publique des différents pays où nous avons contribué à la modernisation et à la débureaucratisation des services publics des États.</p>

		</div>
	</div>
</div></div><div class="wpb_column vc_column_container vc_col-sm-4"><div class="wpb_wrapper">[dt_vc_list style=&#8221;1&#8243; dividers=&#8221;true&#8221; bullet_position=&#8221;top&#8221;]<strong><span style="color: #b63127;">NOS VALEURS</span></strong></p>
<p><strong>1. Intégrité</strong></p>
<ul style="padding-left: 20px;">
<li>Respect</li>
<li>Action éthique</li>
</ul>
<p><strong>2. Rigueur et Excellence<br />
</strong></p>
<ul style="padding-left: 20px;">
<li>Capacité technique / savoir-faire</li>
<li>La plus haute qualité</li>
<li>Innovation</li>
</ul>
<p><strong>3. Diversité culturelle<br />
</strong></p>
<ul style="padding-left: 20px;">
<li>Connaissance approfondie des réalités locales</li>
<li>Une équipe multiculturelle</li>
</ul>
<p>[/dt_vc_list]</div></div></div>

[dt_gap height="20"] LE SAVOIR RÉSULTAT DU TRAVAIL ; LE TRAVAIL RÉSULTAT DU SAVOIR Telle est notre philosophie d’action sur le marché. [dt_gap height="20"][dt_banner target_blank="false" bg_color="#f4f4f4" bg_opacity="100" text_color="#7b7b7b" text_size="small" border_width="0" outer_padding="0" inner_padding="10" min_height="280" type="uploaded_image"]NOTRE VISION Nous avons l’ambition d’être reconnus comme le Groupe lusophone de référence dans le domaine des services de conseil stratégique et de &hellip; <a href="http://intersismet.pt/fr/philosophie-vision-et-mission/" class="more-link">Continue reading <span class="screen-reader-text">Notre philosophie, notre vision et notre mission</span></a>
